{"id":884,"date":"2018-05-11T05:22:06","date_gmt":"2018-05-11T05:22:06","guid":{"rendered":"http:\/\/keenitsolutions.com\/products\/wordpress\/rsconstruction\/?page_id=884"},"modified":"2025-03-26T03:07:40","modified_gmt":"2025-03-26T00:07:40","slug":"yurt-disi-projeler","status":"publish","type":"page","link":"https:\/\/www.bcngrup.com\/test\/yurt-disi-projeler\/","title":{"rendered":"Yurt D\u0131\u015f\u0131 Projeler"},"content":{"rendered":"<p>[vc_row full_width=&#8221;stretch_row&#8221; css=&#8221;.vc_custom_1529478262875{padding-top: 92px !important;padding-bottom: 70px !important;}&#8221;][vc_column]<div class=\"rs-portfolio-style4  \">\r\n\t\t<div class=\"\"><div class=\"portfolio-filter  filter-center\">\r\n\t\t                <button class=\"active\" data-filter=\"*\"><\/button><button data-filter=\".filter_yurt-disi-projeler\">Yurt D\u0131\u015f\u0131 Projeler<\/button> <\/div><div class=\"row\"> <div class=\"grid\">\r\n\t\t\t\t\r\n\t\t\t\t<div class=\"col-md-  col-xs-6 grid-item mb-30 filter_yurt-disi-projeler \">\r\n                            <div class=\"portfolio-item\">\r\n                                <div class=\"portfolio-img\">\r\n\r\n                                   <img decoding=\"async\" src=\"https:\/\/www.bcngrup.com\/test\/wp-content\/uploads\/2025\/03\/WhatsApp-Image-2025-03-26-at-15.24.184.jpeg\" alt=\"Old Doha Port Katar\" \/><a class=\"p-link\" href=\"https:\/\/www.bcngrup.com\/test\/projeler\/old-doha-port-katar\/\">\r\n\t                                        <span class=\"vc_icon_element-icon fab fa-accessible-icon\"><\/span>\r\n\t                                    <\/a><\/div>\r\n                                <div class=\"portfolio-content\">\r\n                                    <div class=\"vertical-middle\">\r\n                                        <div class=\"vertical-middle-cell\"><h3 class=\"p-title\"><a href=\"https:\/\/www.bcngrup.com\/test\/projeler\/old-doha-port-katar\/\">Old Doha Port Katar<\/a><\/h3><p class=\"p-category\"> <a href=\"https:\/\/www.bcngrup.com\/test\/projeler-category\/yurt-disi-projeler\/\" rel=\"tag\">Yurt D\u0131\u015f\u0131 Projeler<\/a><\/p><\/div>\r\n                                    <\/div>\r\n                                <\/div>\r\n                            <\/div>\r\n                        <\/div>\r\n\t\t\t\t\r\n\t\t\t\t<div class=\"col-md-  col-xs-6 grid-item mb-30 filter_yurt-disi-projeler \">\r\n                            <div class=\"portfolio-item\">\r\n                                <div class=\"portfolio-img\">\r\n\r\n                                   <img decoding=\"async\" src=\"https:\/\/www.bcngrup.com\/test\/wp-content\/uploads\/2025\/03\/moritanya.png\" alt=\"Moritanya T\u00fcrk Maarif Okullar\u0131\" \/><a class=\"p-link\" href=\"https:\/\/www.bcngrup.com\/test\/projeler\/moritanya-turk-maarif-okullari\/\">\r\n\t                                        <span class=\"vc_icon_element-icon fab fa-accessible-icon\"><\/span>\r\n\t                                    <\/a><\/div>\r\n                                <div class=\"portfolio-content\">\r\n                                    <div class=\"vertical-middle\">\r\n                                        <div class=\"vertical-middle-cell\"><h3 class=\"p-title\"><a href=\"https:\/\/www.bcngrup.com\/test\/projeler\/moritanya-turk-maarif-okullari\/\">Moritanya T\u00fcrk Maarif Okullar\u0131<\/a><\/h3><p class=\"p-category\"> <a href=\"https:\/\/www.bcngrup.com\/test\/projeler-category\/yurt-disi-projeler\/\" rel=\"tag\">Yurt D\u0131\u015f\u0131 Projeler<\/a><\/p><\/div>\r\n                                    <\/div>\r\n                                <\/div>\r\n                            <\/div>\r\n                        <\/div>\r\n\t\t\t\t\r\n\t\t\t\t<div class=\"col-md-  col-xs-6 grid-item mb-30 filter_yurt-disi-projeler \">\r\n                            <div class=\"portfolio-item\">\r\n                                <div class=\"portfolio-img\">\r\n\r\n                                   <img decoding=\"async\" src=\"https:\/\/www.bcngrup.com\/test\/wp-content\/uploads\/2025\/03\/2019_ARALIK_maar.jpg\" alt=\"G\u00fcrcistan T\u00fcrk Maarif Okullar\u0131\" \/><a class=\"p-link\" href=\"https:\/\/www.bcngrup.com\/test\/projeler\/gurcistan-turk-maarif-okullari\/\">\r\n\t                                        <span class=\"vc_icon_element-icon fab fa-accessible-icon\"><\/span>\r\n\t                                    <\/a><\/div>\r\n                                <div class=\"portfolio-content\">\r\n                                    <div class=\"vertical-middle\">\r\n                                        <div class=\"vertical-middle-cell\"><h3 class=\"p-title\"><a href=\"https:\/\/www.bcngrup.com\/test\/projeler\/gurcistan-turk-maarif-okullari\/\">G\u00fcrcistan T\u00fcrk Maarif Okullar\u0131<\/a><\/h3><p class=\"p-category\"> <a href=\"https:\/\/www.bcngrup.com\/test\/projeler-category\/yurt-disi-projeler\/\" rel=\"tag\">Yurt D\u0131\u015f\u0131 Projeler<\/a><\/p><\/div>\r\n                                    <\/div>\r\n                                <\/div>\r\n                            <\/div>\r\n                        <\/div>\r\n\t\t\t\t\r\n\t\t\t\t<div class=\"col-md-  col-xs-6 grid-item mb-30 filter_yurt-disi-projeler \">\r\n                            <div class=\"portfolio-item\">\r\n                                <div class=\"portfolio-img\">\r\n\r\n                                   <img decoding=\"async\" src=\"https:\/\/www.bcngrup.com\/test\/wp-content\/uploads\/2025\/03\/56539222_1764898970278786_5860837948928294912_n.jpg\" alt=\"Afgan T\u00fcrk Maarif Okullar\u0131\" \/><a class=\"p-link\" href=\"https:\/\/www.bcngrup.com\/test\/projeler\/afgan-turk-maarif-okullari\/\">\r\n\t                                        <span class=\"vc_icon_element-icon fab fa-accessible-icon\"><\/span>\r\n\t                                    <\/a><\/div>\r\n                                <div class=\"portfolio-content\">\r\n                                    <div class=\"vertical-middle\">\r\n                                        <div class=\"vertical-middle-cell\"><h3 class=\"p-title\"><a href=\"https:\/\/www.bcngrup.com\/test\/projeler\/afgan-turk-maarif-okullari\/\">Afgan T\u00fcrk Maarif Okullar\u0131<\/a><\/h3><p class=\"p-category\"> <a href=\"https:\/\/www.bcngrup.com\/test\/projeler-category\/yurt-disi-projeler\/\" rel=\"tag\">Yurt D\u0131\u015f\u0131 Projeler<\/a><\/p><\/div>\r\n                                    <\/div>\r\n                                <\/div>\r\n                            <\/div>\r\n                        <\/div><\/div><\/div>\r\n\t\t<\/div>\r\n\t\t<\/div>[\/vc_column][\/vc_row]<\/p>\n","protected":false},"excerpt":{"rendered":"<p>[vc_row full_width=&#8221;stretch_row&#8221; css=&#8221;.vc_custom_1529478262875{padding-top: 92px !important;padding-bottom: 70px !important;}&#8221;][vc_column][\/vc_column]&#8230;<\/p>\n","protected":false},"author":1,"featured_media":0,"parent":0,"menu_order":0,"comment_status":"closed","ping_status":"closed","template":"","meta":{"footnotes":""},"class_list":["post-884","page","type-page","status-publish","hentry"],"_links":{"self":[{"href":"https:\/\/www.bcngrup.com\/test\/wp-json\/wp\/v2\/pages\/884","targetHints":{"allow":["GET"]}}],"collection":[{"href":"https:\/\/www.bcngrup.com\/test\/wp-json\/wp\/v2\/pages"}],"about":[{"href":"https:\/\/www.bcngrup.com\/test\/wp-json\/wp\/v2\/types\/page"}],"author":[{"embeddable":true,"href":"https:\/\/www.bcngrup.com\/test\/wp-json\/wp\/v2\/users\/1"}],"replies":[{"embeddable":true,"href":"https:\/\/www.bcngrup.com\/test\/wp-json\/wp\/v2\/comments?post=884"}],"version-history":[{"count":4,"href":"https:\/\/www.bcngrup.com\/test\/wp-json\/wp\/v2\/pages\/884\/revisions"}],"predecessor-version":[{"id":3926,"href":"https:\/\/www.bcngrup.com\/test\/wp-json\/wp\/v2\/pages\/884\/revisions\/3926"}],"wp:attachment":[{"href":"https:\/\/www.bcngrup.com\/test\/wp-json\/wp\/v2\/media?parent=884"}],"curies":[{"name":"wp","href":"https:\/\/api.w.org\/{rel}","templated":true}]}}